{"id":757,"date":"2023-10-27T13:54:42","date_gmt":"2023-10-27T11:54:42","guid":{"rendered":"https:\/\/www.kirchensteuerwirkt.ch\/impressum\/"},"modified":"2026-01-27T16:01:25","modified_gmt":"2026-01-27T15:01:25","slug":"impressum","status":"publish","type":"page","link":"https:\/\/kirche-wirkt.ch\/it\/impressum\/","title":{"rendered":"Impressum"},"content":{"rendered":"&#13;\n<h3 class=\"wp-block-heading\">Diritto d&#8217;autore<\/h3>&#13;\n&#13;\n<p>Il copyright di tutte le illustrazioni e dei diagrammi \u00e8 di art.I.schock GmbH. Il copyright per tutti gli altri contenuti di questo sito web \u00e8 della Chiesa cattolica del Cantone di Zurigo. I diritti d&#8217;autore e tutti gli altri diritti su contenuti, immagini, foto o altri file presenti sul sito web appartengono esclusivamente alla Chiesa cattolica del Cantone di Zurigo o ai titolari dei diritti specificamente indicati. Per la riproduzione di qualsiasi elemento \u00e8 necessario ottenere preventivamente il consenso scritto dei titolari dei diritti d&#8217;autore.<\/p>&#13;\n&#13;\n<h3 class=\"wp-block-heading\">Esclusione di responsabilit\u00e0<\/h3>&#13;\n&#13;\n<p>L&#8217;autore non si assume alcuna responsabilit\u00e0 per la correttezza, l&#8217;accuratezza, l&#8217;attualit\u00e0, l&#8217;affidabilit\u00e0 e la completezza delle informazioni fornite.&lt;<br\/>Sono escluse richieste di responsabilit\u00e0 nei confronti dell&#8217;autore per danni di natura materiale o immateriale derivanti dall&#8217;accesso, dall&#8217;uso o dal mancato uso delle informazioni pubblicate, dall&#8217;uso improprio della connessione o da guasti tecnici.<br\/>Tutte le offerte non sono vincolanti. L&#8217;autore si riserva espressamente il diritto di modificare, integrare o cancellare parti delle pagine o l&#8217;intera offerta senza preavviso o di interrompere temporaneamente o definitivamente la pubblicazione.<\/p>&#13;\n&#13;\n<h3 class=\"wp-block-heading\">Responsabilit\u00e0 per i link<\/h3>&#13;\n&#13;\n<p>I riferimenti e i link a siti web di terzi non rientrano nella nostra sfera di responsabilit\u00e0. Si declina ogni responsabilit\u00e0 per tali siti web. L&#8217;accesso e l&#8217;utilizzo di tali siti web \u00e8 a rischio e pericolo dell&#8217;utente.<\/p>&#13;\n","protected":false},"excerpt":{"rendered":"<p>&#13; Diritto d&#8217;autore &#13; &#13; Il copyright di tutte le illustrazioni e dei diagrammi \u00e8 di art.I.schock GmbH. Il copyright per tutti gli altri contenuti di questo sito web \u00e8 della Chiesa cattolica del Cantone di Zurigo. I diritti d&#8217;autore e tutti gli altri diritti su contenuti, immagini, foto o altri file presenti sul sito [&hellip;]<\/p>\n","protected":false},"author":1,"featured_media":0,"parent":0,"menu_order":0,"comment_status":"closed","ping_status":"closed","template":"finances.php","meta":{"_acf_changed":false,"inline_featured_image":false,"footnotes":""},"class_list":["post-757","page","type-page","status-publish","hentry"],"acf":[],"yoast_head":"<!-- This site is optimized with the Yoast SEO plugin v27.3 - https:\/\/yoast.com\/product\/yoast-seo-wordpress\/ -->\n<title>Impressum - Kirche Wirkt<\/title>\n<meta name=\"robots\" content=\"index, follow, max-snippet:-1, max-image-preview:large, max-video-preview:-1\" \/>\n<link rel=\"canonical\" href=\"https:\/\/kirche-wirkt.ch\/it\/impressum\/\" \/>\n<meta property=\"og:locale\" content=\"it_IT\" \/>\n<meta property=\"og:type\" content=\"article\" \/>\n<meta property=\"og:title\" content=\"Impressum - Kirche Wirkt\" \/>\n<meta property=\"og:description\" content=\"&#013; Diritto d&#8217;autore &#013; &#013; Il copyright di tutte le illustrazioni e dei diagrammi \u00e8 di art.I.schock GmbH. Il copyright per tutti gli altri contenuti di questo sito web \u00e8 della Chiesa cattolica del Cantone di Zurigo. I diritti d&#8217;autore e tutti gli altri diritti su contenuti, immagini, foto o altri file presenti sul sito [&hellip;]\" \/>\n<meta property=\"og:url\" content=\"https:\/\/kirche-wirkt.ch\/it\/impressum\/\" \/>\n<meta property=\"og:site_name\" content=\"Kirche Wirkt\" \/>\n<meta property=\"article:modified_time\" content=\"2026-01-27T15:01:25+00:00\" \/>\n<meta name=\"twitter:card\" content=\"summary_large_image\" \/>\n<meta name=\"twitter:label1\" content=\"Est. reading time\" \/>\n\t<meta name=\"twitter:data1\" content=\"2 minutes\" \/>\n<script type=\"application\/ld+json\" class=\"yoast-schema-graph\">{\"@context\":\"https:\\\/\\\/schema.org\",\"@graph\":[{\"@type\":\"WebPage\",\"@id\":\"https:\\\/\\\/kirche-wirkt.ch\\\/it\\\/impressum\\\/\",\"url\":\"https:\\\/\\\/kirche-wirkt.ch\\\/it\\\/impressum\\\/\",\"name\":\"Impressum - Kirche Wirkt\",\"isPartOf\":{\"@id\":\"https:\\\/\\\/kirche-wirkt.ch\\\/#website\"},\"datePublished\":\"2023-10-27T11:54:42+00:00\",\"dateModified\":\"2026-01-27T15:01:25+00:00\",\"breadcrumb\":{\"@id\":\"https:\\\/\\\/kirche-wirkt.ch\\\/it\\\/impressum\\\/#breadcrumb\"},\"inLanguage\":\"it-IT\",\"potentialAction\":[{\"@type\":\"ReadAction\",\"target\":[\"https:\\\/\\\/kirche-wirkt.ch\\\/it\\\/impressum\\\/\"]}]},{\"@type\":\"BreadcrumbList\",\"@id\":\"https:\\\/\\\/kirche-wirkt.ch\\\/it\\\/impressum\\\/#breadcrumb\",\"itemListElement\":[{\"@type\":\"ListItem\",\"position\":1,\"name\":\"Startseite\",\"item\":\"https:\\\/\\\/kirche-wirkt.ch\\\/it\\\/\"},{\"@type\":\"ListItem\",\"position\":2,\"name\":\"Impressum\"}]},{\"@type\":\"WebSite\",\"@id\":\"https:\\\/\\\/kirche-wirkt.ch\\\/#website\",\"url\":\"https:\\\/\\\/kirche-wirkt.ch\\\/\",\"name\":\"Kirche Wirkt\",\"description\":\"\",\"potentialAction\":[{\"@type\":\"SearchAction\",\"target\":{\"@type\":\"EntryPoint\",\"urlTemplate\":\"https:\\\/\\\/kirche-wirkt.ch\\\/?s={search_term_string}\"},\"query-input\":{\"@type\":\"PropertyValueSpecification\",\"valueRequired\":true,\"valueName\":\"search_term_string\"}}],\"inLanguage\":\"it-IT\"}]}<\/script>\n<!-- \/ Yoast SEO plugin. -->","yoast_head_json":{"title":"Impressum - Kirche Wirkt","robots":{"index":"index","follow":"follow","max-snippet":"max-snippet:-1","max-image-preview":"max-image-preview:large","max-video-preview":"max-video-preview:-1"},"canonical":"https:\/\/kirche-wirkt.ch\/it\/impressum\/","og_locale":"it_IT","og_type":"article","og_title":"Impressum - Kirche Wirkt","og_description":"&#13; Diritto d&#8217;autore &#13; &#13; Il copyright di tutte le illustrazioni e dei diagrammi \u00e8 di art.I.schock GmbH. Il copyright per tutti gli altri contenuti di questo sito web \u00e8 della Chiesa cattolica del Cantone di Zurigo. I diritti d&#8217;autore e tutti gli altri diritti su contenuti, immagini, foto o altri file presenti sul sito [&hellip;]","og_url":"https:\/\/kirche-wirkt.ch\/it\/impressum\/","og_site_name":"Kirche Wirkt","article_modified_time":"2026-01-27T15:01:25+00:00","twitter_card":"summary_large_image","twitter_misc":{"Est. reading time":"2 minutes"},"schema":{"@context":"https:\/\/schema.org","@graph":[{"@type":"WebPage","@id":"https:\/\/kirche-wirkt.ch\/it\/impressum\/","url":"https:\/\/kirche-wirkt.ch\/it\/impressum\/","name":"Impressum - Kirche Wirkt","isPartOf":{"@id":"https:\/\/kirche-wirkt.ch\/#website"},"datePublished":"2023-10-27T11:54:42+00:00","dateModified":"2026-01-27T15:01:25+00:00","breadcrumb":{"@id":"https:\/\/kirche-wirkt.ch\/it\/impressum\/#breadcrumb"},"inLanguage":"it-IT","potentialAction":[{"@type":"ReadAction","target":["https:\/\/kirche-wirkt.ch\/it\/impressum\/"]}]},{"@type":"BreadcrumbList","@id":"https:\/\/kirche-wirkt.ch\/it\/impressum\/#breadcrumb","itemListElement":[{"@type":"ListItem","position":1,"name":"Startseite","item":"https:\/\/kirche-wirkt.ch\/it\/"},{"@type":"ListItem","position":2,"name":"Impressum"}]},{"@type":"WebSite","@id":"https:\/\/kirche-wirkt.ch\/#website","url":"https:\/\/kirche-wirkt.ch\/","name":"Kirche Wirkt","description":"","potentialAction":[{"@type":"SearchAction","target":{"@type":"EntryPoint","urlTemplate":"https:\/\/kirche-wirkt.ch\/?s={search_term_string}"},"query-input":{"@type":"PropertyValueSpecification","valueRequired":true,"valueName":"search_term_string"}}],"inLanguage":"it-IT"}]}},"_links":{"self":[{"href":"https:\/\/kirche-wirkt.ch\/it\/wp-json\/wp\/v2\/pages\/757","targetHints":{"allow":["GET"]}}],"collection":[{"href":"https:\/\/kirche-wirkt.ch\/it\/wp-json\/wp\/v2\/pages"}],"about":[{"href":"https:\/\/kirche-wirkt.ch\/it\/wp-json\/wp\/v2\/types\/page"}],"author":[{"embeddable":true,"href":"https:\/\/kirche-wirkt.ch\/it\/wp-json\/wp\/v2\/users\/1"}],"replies":[{"embeddable":true,"href":"https:\/\/kirche-wirkt.ch\/it\/wp-json\/wp\/v2\/comments?post=757"}],"version-history":[{"count":4,"href":"https:\/\/kirche-wirkt.ch\/it\/wp-json\/wp\/v2\/pages\/757\/revisions"}],"predecessor-version":[{"id":1557,"href":"https:\/\/kirche-wirkt.ch\/it\/wp-json\/wp\/v2\/pages\/757\/revisions\/1557"}],"wp:attachment":[{"href":"https:\/\/kirche-wirkt.ch\/it\/wp-json\/wp\/v2\/media?parent=757"}],"curies":[{"name":"wp","href":"https:\/\/api.w.org\/{rel}","templated":true}]}}

&#13;
<h3 class="wp-block-heading">Diritto d&#8217;autore</h3>&#13;
&#13;
<p>Il copyright di tutte le illustrazioni e dei diagrammi è di art.I.schock GmbH. Il copyright per tutti gli altri contenuti di questo sito web è della Chiesa cattolica del Cantone di Zurigo. I diritti d&#8217;autore e tutti gli altri diritti su contenuti, immagini, foto o altri file presenti sul sito web appartengono esclusivamente alla Chiesa cattolica del Cantone di Zurigo o ai titolari dei diritti specificamente indicati. Per la riproduzione di qualsiasi elemento è necessario ottenere preventivamente il consenso scritto dei titolari dei diritti d&#8217;autore.</p>&#13;
&#13;
<h3 class="wp-block-heading">Esclusione di responsabilità</h3>&#13;
&#13;
<p>L&#8217;autore non si assume alcuna responsabilità per la correttezza, l&#8217;accuratezza, l&#8217;attualità, l&#8217;affidabilità e la completezza delle informazioni fornite.&lt;<br/>Sono escluse richieste di responsabilità nei confronti dell&#8217;autore per danni di natura materiale o immateriale derivanti dall&#8217;accesso, dall&#8217;uso o dal mancato uso delle informazioni pubblicate, dall&#8217;uso improprio della connessione o da guasti tecnici.<br/>Tutte le offerte non sono vincolanti. L&#8217;autore si riserva espressamente il diritto di modificare, integrare o cancellare parti delle pagine o l&#8217;intera offerta senza preavviso o di interrompere temporaneamente o definitivamente la pubblicazione.</p>&#13;
&#13;
<h3 class="wp-block-heading">Responsabilità per i link</h3>&#13;
&#13;
<p>I riferimenti e i link a siti web di terzi non rientrano nella nostra sfera di responsabilità. Si declina ogni responsabilità per tali siti web. L&#8217;accesso e l&#8217;utilizzo di tali siti web è a rischio e pericolo dell&#8217;utente.</p>&#13;

<p>&#13; Diritto d&#8217;autore &#13; &#13; Il copyright di tutte le illustrazioni e dei diagrammi è di art.I.schock GmbH. Il copyright per tutti gli altri contenuti di questo sito web è della Chiesa cattolica del Cantone di Zurigo. I diritti d&#8217;autore e tutti gli altri diritti su contenuti, immagini, foto o altri file presenti sul sito [&hellip;]</p>

<!-- This site is optimized with the Yoast SEO plugin v27.3 - https://yoast.com/product/yoast-seo-wordpress/ -->
<title>Impressum - Kirche Wirkt</title>
<meta name="robots" content="index, follow, max-snippet:-1, max-image-preview:large, max-video-preview:-1" />
<link rel="canonical" href="https://kirche-wirkt.ch/it/impressum/" />
<meta property="og:locale" content="it_IT" />
<meta property="og:type" content="article" />
<meta property="og:title" content="Impressum - Kirche Wirkt" />
<meta property="og:description" content="&#013; Diritto d&#8217;autore &#013; &#013; Il copyright di tutte le illustrazioni e dei diagrammi è di art.I.schock GmbH. Il copyright per tutti gli altri contenuti di questo sito web è della Chiesa cattolica del Cantone di Zurigo. I diritti d&#8217;autore e tutti gli altri diritti su contenuti, immagini, foto o altri file presenti sul sito [&hellip;]" />
<meta property="og:url" content="https://kirche-wirkt.ch/it/impressum/" />
<meta property="og:site_name" content="Kirche Wirkt" />
<meta property="article:modified_time" content="2026-01-27T15:01:25+00:00" />
<meta name="twitter:card" content="summary_large_image" />
<meta name="twitter:label1" content="Est. reading time" />
	<meta name="twitter:data1" content="2 minutes" />
<script type="application/ld+json" class="yoast-schema-graph">{"@context":"https:\/\/schema.org","@graph":[{"@type":"WebPage","@id":"https:\/\/kirche-wirkt.ch\/it\/impressum\/","url":"https:\/\/kirche-wirkt.ch\/it\/impressum\/","name":"Impressum - Kirche Wirkt","isPartOf":{"@id":"https:\/\/kirche-wirkt.ch\/#website"},"datePublished":"2023-10-27T11:54:42+00:00","dateModified":"2026-01-27T15:01:25+00:00","breadcrumb":{"@id":"https:\/\/kirche-wirkt.ch\/it\/impressum\/#breadcrumb"},"inLanguage":"it-IT","potentialAction":[{"@type":"ReadAction","target":["https:\/\/kirche-wirkt.ch\/it\/impressum\/"]}]},{"@type":"BreadcrumbList","@id":"https:\/\/kirche-wirkt.ch\/it\/impressum\/#breadcrumb","itemListElement":[{"@type":"ListItem","position":1,"name":"Startseite","item":"https:\/\/kirche-wirkt.ch\/it\/"},{"@type":"ListItem","position":2,"name":"Impressum"}]},{"@type":"WebSite","@id":"https:\/\/kirche-wirkt.ch\/#website","url":"https:\/\/kirche-wirkt.ch\/","name":"Kirche Wirkt","description":"","potentialAction":[{"@type":"SearchAction","target":{"@type":"EntryPoint","urlTemplate":"https:\/\/kirche-wirkt.ch\/?s={search_term_string}"},"query-input":{"@type":"PropertyValueSpecification","valueRequired":true,"valueName":"search_term_string"}}],"inLanguage":"it-IT"}]}</script>
<!-- / Yoast SEO plugin. -->

&#13; Diritto d&#8217;autore &#13; &#13; Il copyright di tutte le illustrazioni e dei diagrammi è di art.I.schock GmbH. Il copyright per tutti gli altri contenuti di questo sito web è della Chiesa cattolica del Cantone di Zurigo. I diritti d&#8217;autore e tutti gli altri diritti su contenuti, immagini, foto o altri file presenti sul sito [&hellip;]
